hat is the thousands digit of 10646694?
6
What is the thousands digit of 1830780080?
0
What is the millions digit of 197922183?
7
What is the ten millions digit of 21109834?
2
What is the hundreds digit of 4165280644?
6
What is the hundreds digit of 435061517?
5
What is the millions digit of 145652907?
5
What is the tens digit of 146006121?
2
What is the ten millions digit of 38088862?
3
What is the units digit of 70175924?
4
What is the ten millions digit of 1098850450?
9
What is the thousands digit of 94381309?
1
What is the hundreds digit of 2055435350?
3
What is the millions digit of 229505483?
9
What is the hundreds digit of 68373737?
7
What is the millions digit of 38406882?
8
What is the hundreds digit of 63909699?
6
What is the hundreds digit of 3858836878?
8
What is the millions digit of 5338184729?
8
What is the hundreds digit of 418782201?
2
What is the thousands digit of 265938969?
8
What is the hundreds digit of 43954136?
1
What is the hundred thousands digit of 58213245?
2
What is the ten millions digit of 13607450?
1
What is the thousands digit of 711802873?
2
What is the ten millions digit of 495991277?
9
What is the hundreds digit of 2116746068?
0
What is the hundred thousands digit of 959632208?
6
What is the units digit of 493736089?
9
What is the millions digit of 4880599?
4
What is the hundreds digit of 1229034991?
9
What is the units digit of 2482444?
4
What is the hundreds digit of 115053314?
3
What is the hundred thousands digit of 71490720?
4
What is the tens digit of 4365196589?
8
What is the hundred thousands digit of 712628545?
6
What is the units digit of 82839126?
6
What is the thousands digit of 106848530?
8
What is the ten millions digit of 45336315?
4
What is the tens digit of 339928150?
5
What is the millions digit of 28319007?
8
What is the hundred millions digit of 202298889?
2
What is the hundred millions digit of 431089361?
4
What is the millions digit of 71644547?
1
What is the thousands digit of 2215424043?
4
What is the billions digit of 1928106473?
1
What is the ten millions digit of 162564833?
6
What is the hundred millions digit of 104251528?
1
What is the hundreds digit of 1755600280?
2
What is the millions digit of 725873328?
5
What is the hundred millions digit of 318109839?
3
What is the units digit of 90808679?
9
What is the ten millions digit of 444419477?
4
What is the hundreds digit of 135721909?
9
What is the tens digit of 1442437402?
0
What is the hundred millions digit of 476492759?
4
What is the thousands digit of 367747409?
7
What is the tens digit of 633614482?
8
What is the thousands digit of 35676843?
6
What is the thousands digit of 28191379?
1
What is the billions digit of 2061766810?
2
What is the ten millions digit of 120321180?
2
What is the thousands digit of 107379768?
9
What is the hundreds digit of 310805113?
1
What is the hundred thousands digit of 724473054?
4
What is the hundreds digit of 2052498930?
9
What is the hundreds digit of 413258428?
4
What is the hundred thousands digit of 123345353?
3
What is the ten thousands digit of 52449053?
4
What is the ten thousands digit of 3265405?
6
What is the hundred thousands digit of 899058204?
0
What is the ten thousands digit of 3204754?
0
What is the millions digit of 33550440?
3
What is the millions digit of 20893557?
0
What is the hundreds digit of 116172560?
5
What is the hundreds digit of 1221385068?
0
What is the tens digit of 1981255411?
1
What is the hundred thousands digit of 154801895?
8
What is the hundred thousands digit of 394043912?
0
What is the tens digit of 141849040?
4
What is the hundreds digit of 104108016?
0
What is the ten thousands digit of 551679439?
7
What is the ten thousands digit of 140667087?
6
What is the ten thousands digit of 3720425609?
2
What is the millions digit of 130350097?
0
What is the ten millions digit of 129371194?
2
What is the units digit of 1090200307?
7
What is the ten millions digit of 94475553?
9
What is the hundred thousands digit of 53339252?
3
What is the ten millions digit of 63661892?
6
What is the ten thousands digit of 427237760?
3
What is the ten millions digit of 1671048024?
7
What is the thousands digit of 3152297?
2
What is the millions digit of 23518430?
3
What is the hundred thousands digit of 162638274?
6
What is the ten millions digit of 56793343?
5
What is the thousands digit of 4366823799?
3
What is the hundreds digit of 72283416?
4
What is the millions digit of 180013000?
0
What is the tens digit of 181595900?
0
What is the ten thousands digit of 97886765?
8
What is the ten thousands digit of 2036333705?
3
What is the ten millions digit of 904001423?
0
What is the hundreds digit of 76755975?
9
What is the millions digit of 1524519932?
4
What is the hundred thousands digit of 206255876?
2
What is the units digit of 841091161?
1
What is the hundred millions digit of 1780615938?
7
What is the millions digit of 3071524230?
1
What is the hundreds digit of 1632141118?
1
What is the hundred thousands digit of 72754635?
7
What is the tens digit of 61016953?
5
What is the millions digit of 57046019?
7
What is the hundred thousands digit of 485301022?
3
What is the hundred millions digit of 473285263?
4
What is the hundred thousands digit of 3652492501?
4
What is the ten thousands digit of 549296301?
9
What is the hundred thousands digit of 124055552?
0
What is the hundreds digit of 5284032132?
1
What is the billions digit of 1503999035?
1
What is the ten thousands digit of 52492244?
9
What is the hundreds digit of 113042192?
1
What is the ten millions digit of 192344812?
9
What is the hundred thousands digit of 22271524?
2
What is the ten millions digit of 1436408594?
3
What is the ten thousands digit of 350548918?
4
What is the tens digit of 3101355329?
2
What is the ten thousands digit of 14315153?
1
What is the units digit of 38845587?
7
What is the tens digit of 6250519777?
7
What is the hundreds digit of 76184028?
0
What is the hundred thousands digit of 45266101?
2
What is the ten thousands digit of 159911566?
1
What is the thousands digit of 1024188926?
8
What is the units digit of 2578247749?
9
What is the thousands digit of 35288755?
8
What is the tens digit of 759807660?
6
What is the hundred millions digit of 164633918?
1
What is the hundred thousands digit of 6105055197?
0
What is the ten millions digit of 60580531?
6
What is the ten thousands digit of 310009249?
0
What is the hundreds digit of 706409624?
6
What is the millions digit of 1702680159?
2
What is the units digit of 50213512?
2
What is the tens digit of 112318812?
1
What is the tens digit of 102377938?
3
What is the millions digit of 32335896?
2
What is the ten millions digit of 26420511?
2
What is the hundreds digit of 275799219?
2
What is the hundreds digit of 104872860?
8
What is the tens digit of 935627121?
2
What is the thousands digit of 89783469?
3
What is the millions digit of 2626938513?
6
What is the tens digit of 7113482710?
1
What is the ten thousands digit of 15730496?
3
What is the thousands digit of 81068095?
8
What is the tens digit of 3300188905?
0
What is the hundreds digit of 766571455?
4
What is the thousands digit of 485909812?
9
What is the hundred millions digit of 614586256?
6
What is the hundred thousands digit of 85246966?
2
What is the millions digit of 5951237700?
1
What is the units digit of 302832187?
7
What is the hundreds digit of 43143247?
2
What is the hundred thousands digit of 77081273?
0
What is the millions digit of 1141757397?
1
What is the ten millions digit of 67198001?
6
What is the millions digit of 111783649?
1
What is the hundred millions digit of 171546601?
1
What is the hundred thousands digit of 201619392?
6
What is the ten thousands digit of 937988181?
8
What is the hundred millions digit of 379350913?
3
What is the millions digit of 557641674?
7
What is the hundred thousands digit of 905836723?
8
What is the billions digit of 1260659706?
1
What is the hundreds digit of 65223726?
7
What is the hundreds digit of 7447922783?
7
What is the ten thousands digit of 5762966164?
6
What is the ten millions digit of 178895206?
7
What is the ten thousands digit of 162159441?
5
What is the hundred thousands digit of 146273248?
2
What is the units digit of 244